t d be a(10). List the prime factors of 3/5*(-930)/(d + -5).
3, 31
Let m(d) = d**3 + 2*d**2 + 2*d + 4. Let s be m(3). Suppose 0 = 2*h + 2*h - 4*t + 24, -3*t = -h + 2. List the prime factors of h/s + (-431)/(-11).
3, 13
Let x(y) = -y**3 - 28*y**2 - 53*y - 51. List the prime factors of x(-27).
3, 7, 31
Let a = -2037 + 3498. List the prime factors of a.
3, 487
What are the prime factors of (-36)/(-198) - (1 + (-19662)/33)?
5, 7, 17
Let l = 75 - 73. Suppose 42 = l*p + 4*c, -p - 3*c - 11 = -32. What are the prime factors of p?
3, 7
What are the prime factors of (-1902)/(-21) - (-36)/(-63)?
2, 3, 5
What are the prime factors of 879/(-1 + 3/18*15)?
2, 293
Let m be 2 + (30/3 - -2). Suppose -2*s + 19 = -3*u + 1, m = -u - 2*s. Let a = -3 - u. What are the prime factors of a?
5
Let b be ((-2)/((-8)/(-10)))/(85/(-68)). Suppose 2*r + 5*w - 26 = 0, -w + 12 = 2*w. What are the prime factors of (r - 1)/b - -10?
11
Let v(c) = 125*c - 84. What are the prime factors of v(7)?
7, 113
Let d be (-12)/(-3) + -3 + 2. Suppose d*f = -2*f - 100. Let u = 12 - f. List the prime factors of u.
2
List the prime factors of -245*(-2 + -6 + -3).
5, 7, 11
Let g(l) = -l**3 + 16*l**2 - l + 21. Let a be g(16). Suppose -a*y + 1630 = 2*m - 0*m, 0 = 2*y + 4*m - 668. What are the prime factors of y?
2, 3
Suppose f = -4*z + 14, -3*f - 2 + 14 = 2*z. Suppose 0 = -3*k - h + 265, -z*k - 2*h + 269 = 3*h. List the prime factors of k.
2, 11
Suppose 0 = 2*n - 4*n - 2*z + 4, 3*n - 3*z = -6. Suppose 0*f = f - 5. Suppose 4*v = q + 21, n*v + q - 15 = -f*v. List the prime factors of v.
2
Let k(u) = -12*u - 90. List the prime factors of k(-8).
2, 3
Let f be (12/(-9))/(3/(135/(-20))). Suppose 202 = -f*t + 262. What are the prime factors of t?
2, 5
Let p(m) be the first derivative of -27*m**2/2 + 6*m + 19. List the prime factors of p(-7).
3, 5, 13
Suppose 15 = -3*c + z - 1, -3*c = 3*z + 36. Let a(i) = 22 - 14 + 2*i**2 + 1 + 11*i. What are the prime factors of a(c)?
2, 3, 5
Suppose 94*j = 109*j - 52080. List the prime factors of j.
2, 7, 31
Let r(p) be the second derivative of p**4/12 + 7*p**3/6 - 13*p**2/2 + 3*p. Suppose -2*k = 37 - 15. List the prime factors of r(k).
31
List the prime factors of -40*40/(-96)*15.
2, 5
Let u = -10 + 12. List the prime factors of (-360)/(-5) + (3/3 - u).
71
Let a = 15 - 13. Suppose 0 = 4*y + 5*n - 167, 15 = 3*n + a*n. List the prime factors of y.
2, 19
Let s(d) = -682*d**3 - 1. Let o be s(-1). Let a = o - 471. Suppose a = -2*w + 7*w. List the prime factors of w.
2, 3, 7
Suppose -46*i + 121467 = 31169. What are the prime factors of i?
13, 151
Let j(f) = f**3 + 30*f**2 + 12*f + 13. What are the prime factors of j(-29)?
2, 11, 23
Suppose -19419 = -65*w + 273861. List the prime factors of w.
2, 3, 47
Let o be -21*(-2)/(-12)*-14. Suppose 3*t = o - 10. What are the prime factors of t?
13
Let c be (-8)/5 + (-12)/30. Let u(h) = -39*h**3 - h**2 + 4*h + 6. List the prime factors of u(c).
2, 3, 17
Let q = 203 + -114. Let w = 150 - q. What are the prime factors of w?
61
List the prime factors of 16/20*(-15650)/(-20).
2, 313
Let x(w) = -w**3 - 2*w**2 - 2*w + 139. List the prime factors of x(0).
139
Let b = 210 - 502. Let s = -201 - b. List the prime factors of s.
7, 13
Let k be (-3)/(3 + 60/(-16)). Suppose 5*m - 3*f + 6*f = 51, -k*f - 60 = -4*m. What are the prime factors of (-82)/(-6) + 4/m?
2, 7
Let x(u) = 553*u**3 - 2*u**2 + 2*u - 1. What are the prime factors of x(1)?
2, 3, 23
Let p(a) = -a**2 + 3*a. Let j be p(-1). Let f(b) = b**2 + 7*b + 4. Let q be f(-8). What are the prime factors of (q/6)/(j/(-62))?
31
Let i(k) be the first derivative of 5*k**3/3 + k**2 - 2*k + 24. List the prime factors of i(2).
2, 11
Suppose 440 = -4*v - 576. What are the prime factors of v/(-6) - (-1)/(-3)?
2, 3, 7
Let a = 1836 - 1043. What are the prime factors of a?
13, 61
Let k be 2 - (0/(-4) + -3). Suppose -7*b + 2*b + k = 0. What are the prime factors of (60/4 - b) + 3?
17
Suppose -17482 = -6*x - 4894. List the prime factors of x.
2, 1049
Suppose -3*u + 98 = -73. Suppose -r = -5*z + r - 121, 4*r + 8 = 0. Let g = u + z. What are the prime factors of g?
2
Suppose -5*p = 2*g - 4226, -g - 6 = -4. What are the prime factors of p?
2, 3, 47
Let y = 7 - 4. Suppose -4*j - l + 16 = 0, -2*j + y = -4*l - 5. Suppose j*s - 2 = 10. List the prime factors of s.
3
Let j(o) = -39*o - 214. What are the prime factors of j(-19)?
17, 31
Let v(k) = 2*k - 9. Let o be (-47)/(-4) + 4/16. Let l = 22 - o. List the prime factors of v(l).
11
Let v be (20/25)/((-2)/50). Let y = v - -39. What are the prime factors of y?
19
Suppose 1 = -3*m + 19. Suppose m*a = 10*a - 24. What are the prime factors of a?
2, 3
Let p(t) = -t**3 - 8*t**2 - t - 11. Let s be p(-8). Let v be s/2*24/9. What are the prime factors of 3/2*(-136)/v?
3, 17
Let g = 6 - 4. Suppose g = -9*d + 10*d. Suppose -s + 3*s = 4*q - 106, d*s = 3*q - 80. List the prime factors of q.
2, 13
Suppose -c - 5 = 5*z, 5*c - 97 + 30 = -2*z. Suppose 0 = -3*s - c, -4*y - 415 = -3*s - 1518. List the prime factors of y.
2, 17
Suppose 13917 = 38*k - 16369. What are the prime factors of k?
797
Suppose 5*b - 4*f = 5586, -12*f + 7*f - 4467 = -4*b. List the prime factors of b.
2, 13, 43
Let c(v) = v**3 - 13*v**2 + 33*v + 113. List the prime factors of c(20).
3, 397
Let g = 76 - 72. Suppose -527 = -g*p - 99. What are the prime factors of p?
107
Suppose -5*y + 126 = -14*y. Let x(h) = h**2 + 13*h + 16. List the prime factors of x(y).
2, 3, 5
Let r(q) = -q**3 + 39*q**2 - 36*q + 228. What are the prime factors of r(37)?
2, 19, 43
List the prime factors of 140/(-28) - (1 - 0)*-334.
7, 47
Let v(x) = -161*x + 169. List the prime factors of v(-14).
2423
Let h(b) = b**2 - 6*b - 7. Let y = 7 + 0. Let i be h(y). Suppose 2*q = -i*q - 4*s + 76, 2*s + 58 = 2*q. What are the prime factors of q?
2
Let f be 5/25*5*43. Let q = f - 41. List the prime factors of q.
2
Let q = -363 - -511. Suppose 2*d - 2*g - q = 0, -g - 232 = 4*d - 7*d. What are the prime factors of d?
79
Let s = 43 + -38. Suppose s*l + 273 = 4*q, q = 6*q + 5*l - 285. List the prime factors of q.
2, 31
Let m(c) = -3*c**3 - 3*c**2 - 5*c + 3. Suppose 27 = -5*w - 4*w. What are the prime factors of m(w)?
2, 3
Let g be 8/(-1)*(-1)/2. Suppose 15*s - 1100 = 5*s. Suppose -s = -g*h - 30. What are the prime factors of h?
2, 5
Suppose 2*a + w - 8 = 0, -a = -0*a - 4*w + 14. Suppose a*i = 4*i. Suppose -3*t + 60 = -i*t. What are the prime factors of t?
2, 5
What are the prime factors of (-1 - -2)*(9 + -9) + 4066?
2, 19, 107
Suppose 21*f - 22*f = 0. Suppose f = -13*l + 12*l + 171. What are the prime factors of l?
3, 19
Suppose -5*c = -19*c + 11760. List the prime factors of c.
2, 3, 5, 7
Let x be (1 - 0 - 2) + 223. Suppose x = -12*o + 14*o. What are the prime factors of o?
3, 37
Let d = 40 + -76. List the prime factors of (d/(-15))/((-4)/(-30)).
2, 3
Suppose 19*b - 215 = 1951. Let s = 22 + -15. Suppose b = -g + s*g. List the prime factors of g.
19
Let a(l) = 22*l - 6. Suppose -4*s - x + 21 = 0, 2*s - 4*x + x = -7. List the prime factors of a(s).
2, 41
Let g(c) = 3*c**2 + 7*c + 4. Let f(r) = -5*r**2 + 3*r**2 + 3*r**2 + r. Let j(i) = 5*f(i) - g(i). What are the prime factors of j(-4)?
2, 3
Let z(k) = -4*k - 10. Let t be z(-4). Let c(l) = l**3 + 4*l**2 + 3. Let w be c(t). What are the prime factors of w/21 - 2/7?
17
Let w be -2 + (-2 - 17) + -3. Let c = -40 - w. List the prime factors of (-284)/c + 9/(-12).
17
Let u(p) = 13*p**2 - 4*p + 1. Suppose 4*y - 6 = -14. What are the prime factors of u(y)?
61
Let r(m) = -m**3 - m**2 + m. Let o be r(0). Suppose g + 8*g - 36 = o. What are the prime factors of g?
2
Suppose 4*u = b - 2167, 4*u = 8*u. List the prime factors of b.
11, 197
Suppose 5313 = 12*k + 297. What are the prime factors of k?
2, 11, 19
Let h = 853 - 498. Let i = h - 150. List the prime factors of i.
5, 41
Let x = -36 - -69. Let t = 95 - x. What are the prime factors of t?
2, 31
Suppose -93*r + 53499 = -76*r. What are the prime factors of r?
3, 1049
Suppose 0 = 2*k - 4*n - 24, -4*k + 6*n + 32 = 2*n. Suppose 23 = -2*q + 5*c + 131, -2*c = k*q - 264. List the prime factors of q.
2
Let y = -6 - -7. Suppose 4*i = -3*j + 83, 0*i - 4*i = -j + 49. Let r = j + y. What are the prime factors of r?
2, 17
Suppose -57*g + 56*g = -129. Suppose u - 4*i - 63 = 0, 2*u + 5*i